**2 + 3*b. Let j(f) = -f + 9. Let r be j(7). Suppose -3*i + r*i + w - 2 = 0, -5 = -w. Suppose i*c = 4*y - 11, -2*c + 4 = -y + c. Give k(y).
-10
Let z(j) = -j**2 - 10*j - 9. Let f be 6/((10/(-45))/((-1)/(-3))). Calculate z(f).
0
Let a(f) be the first derivative of -7 - 1/2*f**2 + 6*f + 1/3*f**3. What is a(0)?
6
Let m(v) be the third derivative of -v**5/60 - v**4/6 + v**3/3 + 3*v**2. Calculate m(-3).
5
Let m(c) = 0 + 1 - 2*c + 0*c. Let t be (-5)/20 - 26/(-8). Calculate m(t).
-5
Let w = -6 + 4. Let o be (-4)/(-2) + 2 + -4. Let l(y) = o + 0 - 2 - 3*y**2 - y**3 - 4*y. Calculate l(w).
2
Let h(z) = -10*z + 1. Suppose 0 = 2*f - 4*c - 6, -1 = 4*c + 3. Calculate h(f).
-9
Let q(m) = m**2 - 4*m - 2. Let i be q(5). Let a(o) = -10 - 4*o**2 + o**3 + 14 + 0*o**2. What is a(i)?
-5
Let l(f) = f**2 - 2*f - 3. Let n be l(3). Let s(o) be the first derivative of -1/3*o**3 + 1/2*o**2 - 2*o + 3. Calculate s(n).
-2
Let l = 52 - 57. Let o(z) = -z**3 - 4*z**2 + 6*z + 2. Give o(l).
-3
Let i(b) = 5*b**2 + 8*b - 6. Let q(n) = 6*n**2 + 9*n - 7. Suppose 0*o + 2*o = 4. Suppose -5 = -o*w - 15. Let r(l) = w*i(l) + 4*q(l). Give r(-4).
2
Let j(i) = -8*i - 1 - 2 + 9 + i**2. Let z be j(7). Let h(a) = -9*a + 5. Let v(c) = 4*c - 2. Let b(t) = 3*h(t) + 7*v(t). Calculate b(z).
0
Let f(z) be the first derivative of 1/2*z**2 + 1 - 6*z. Calculate f(6).
0
Let a(y) = 6*y + y**2 + 11*y - 13 - 18*y + 8*y. Give a(-9).
5
Suppose 4*z - 4*o - 28 = 0, o = 2*o + 5. Let c(x) = x**3 + 2*x**2 - 2*x + 1. Let g be c(1). Let d(i) = i + 4 - 3 + g*i - 4*i. Give d(z).
-1
Let v(c) = 4*c**2 - 8. Let k(t) = 5*t**2 - 8. Let j(o) = 3*k(o) - 4*v(o). Calculate j(0).
8
Let t(c) be the second derivative of c**3/6 + 7*c**2/2 - 2*c. What is t(-6)?
1
Let l(u) = u**3 - 6*u**2 - 3. Suppose -30 = 23*j - 28*j. Calculate l(j).
-3
Suppose -w - 20 = 4*o + o, 4*w + 4*o = 0. Let p(f) = -f - 2. Determine p(w).
-7
Let h = -8 - -13. Suppose 0 = a - 0*a - h. Let n(o) = -o + a + 2 + 0. Calculate n(0).
7
Let p(h) = -h**2 - 2*h + 4 - 2 - h**2. Determine p(-2).
-2
Suppose -2*m - 10 = -m + 3*t, 0 = 4*m - 5*t - 11. Let i(r) = 4*r**2 - 2*r - 1. Determine i(m).
5
Let d(x) = -6 - 5 + 4 + 1 - 3*x. Let t(y) = y**3 - 5*y**2 - 8*y + 8. Let b be t(6). Determine d(b).
6
Let m = -2 - -5. Suppose -m*i = -8 - 4. Let c(v) = v - 3. Determine c(i).
1
Let x(u) be the third derivative of u**6/120 - u**5/15 + u**4/12 + u**3/3 - u**2. Suppose 0 = -3*s - s + 12. What is x(s)?
-1
Let k(r) = 2*r**3 + r**2 + 4*r + 1. Let w(n) = -5*n**3 - n**2 - 8*n - 1. Let v(a) = -7*k(a) - 3*w(a). Calculate v(4).
-20
Let x(j) = 2*j**3 - 5*j**2 + 3*j. Let w be x(2). Let h(f) = 2*f**2 - f - 2. What is h(w)?
4
Let i(f) = f - 2. Let u be 0/(1 + -2 + 5). Give i(u).
-2
Let l(h) be the first derivative of h**4/12 + h**3/6 - 2*h**2 - 5*h + 3. Let v(g) be the first derivative of l(g). Give v(-3).
2
Let k(w) be the third derivative of 0 + 1/60*w**5 - w**2 + 1/12*w**4 + 0*w - 1/2*w**3. Let o(x) = -1. Let m(p) = k(p) - 2*o(p). Give m(-2).
-1
Suppose -2*i = 4*y - 8, 0*y - 4*y - 5*i - 4 = 0. Let m(d) = -5*d**2 + 10*d - 7. Let n(k) = -11*k**2 + 21*k - 15. Let h(l) = -9*m(l) + 4*n(l). What is h(y)?
-5
Let q(p) = p**2 + 1. Let l(w) = 5*w**2 + w + 3. Let d(r) = -l(r) + 4*q(r). Suppose 2*k = -5*o + 2*o - 15, -15 = 5*k. Give d(o).
-5
Suppose 9*x = 7*x + 2*j - 2, -2*x - 26 = 4*j. Let h(t) = -t - 7. What is h(x)?
-2
Let y be -2 + -1 - (-4 + 6). Let o(c) = c. Let l be o(2). Let w(u) = -3*u + u**3 + u - u**2 + 6*u**l - 5. Determine w(y).
5
Let c be -3 + (1 - 0)*9. Let u(d) = -2*d + 2. What is u(c)?
-10
Let s(g) be the first derivative of -g**2/2 + 15*g - 19. Give s(0).
15
Let z(f) = f**3 + f**2 - 4. Let o be z(0). Let d be ((-4)/(-8))/((-2)/(-4)). Let h(i) = 0*i + 2*i + 0 + 5 + d. Give h(o).
-2
Suppose -5*j = -3*f - 2*j - 6, 4*j = -f + 13. Let c be (4/(-12))/(f/9). Let v(h) = -h**3 - 3*h**2 - h + 2. Give v(c).
5
Let h(i) = i. Let j(l) = l**3 - 2*l**2 - 2*l - 2. Let d be j(3). Let t(g) = g**3 + 3*g**2 + g - 3. Let z(c) = d*t(c) - 3*h(c). Calculate z(-3).
3
Let g(y) = 2*y**3 - 6*y**2 + 5. Let l = -2 - 5. Let r(v) = 5*v**3 - 13*v**2 + 11. Let f(z) = l*g(z) + 3*r(z). Let a be 1/(-6) + 22/(-12). What is f(a)?
2
Suppose -1 = 3*u - 4. Let g = u - 5. Let h(c) be the second derivative of -c**5/20 - 5*c**4/12 - 5*c**3/6 + c. What is h(g)?
4
Let f(u) = 5*u**2 - 7*u - 2. Let x(w) = 2*w**2 - 4*w - 1. Let z(b) = 3*f(b) - 7*x(b). Suppose 3*i = -r, -r - i - 8 = -2*i. Give z(r).
-5
Let s = 1 + 1. Let b(q) = -3 + s + 1 - 6*q. What is b(-1)?
6
Let i(g) = 1 + 3 + 0 - 3. Let u(m) = 2*m - 6. Let f(b) = i(b) + u(b). Suppose 0*h + 2*h = 4*k - 14, 4*k - 3*h = 13. Calculate f(k).
3
Let l(y) be the third derivative of y**7/840 - y**6/90 - y**5/40 + y**4/12 + y**3/3 - 10*y**2. Let x(j) be the first derivative of l(j). Determine x(5).
12
Let k(l) be the third derivative of l**9/60480 + l**8/5040 + l**7/5040 + l**6/360 - l**5/60 + l**2. Let p(q) be the third derivative of k(q). Determine p(-4).
-2
Suppose 12*d = -2*d + 28. Let p(x) = x**2 - 3*x + 3. What is p(d)?
1
Let j = -4 - -8. Let p(x) be the second derivative of x + 0 - 1/12*x**4 + 5/2*x**2 + 1/3*x**3. Calculate p(j).
-3
Let h(r) be the third derivative of -r**6/120 + r**5/15 - r**3/6 + r**2. What is h(3)?
8
Let k(b) = b + 6. Suppose 2*l - 4*l + 4 = -5*r, -4*l + 8 = 5*r. Determine k(r).
6
Let a(b) = b**2 - 5*b + 4. Let u = -1 + 21. Suppose -5*y + u = -0*y. What is a(y)?
0
Let n(d) be the first derivative of d**2/2 - 10*d + 1. Let s be (-4)/14 - 115/(-35). Suppose 5*y - 27 = s. Give n(y).
-4
Let s(p) = -p**2 - 8*p - 4. Suppose 3*u + 20 - 2 = 0. Determine s(u).
8
Let n(b) = b - 14. Suppose -5*l - 15 = -2*k, 4*l + 15 = -3*k - l. Give n(k).
-14
Let t = -11 + 10. Let o = t - 3. Let j(g) = -g**2 - g + 2. Give j(o).
-10
Let y(n) be the third derivative of -n**5/30 + n**4/4 - 12*n**2. Calculate y(4).
-8
Let w(t) be the second derivative of t**5/20 + 5*t**4/12 - t**3 - 4*t**2 + 10*t. Calculate w(-6).
-8
Let h(r) = r**3 - 5*r**2 + 4*r + 1. Let t be h(4). Let l(x) = -7*x**3 + x - 5. Let s(c) = -7*c**3 + c - 6. Let n(b) = -6*l(b) + 5*s(b). What is n(t)?
6
Let l be -1 - 6*(-3)/6. Let h(j) = 5 - l - j + 1. Determine h(3).
1
Let y(j) = -j**3 - 4*j**2 - 5*j - 2. Let x = -4 - -1. Calculate y(x).
4
Let b(o) be the first derivative of -o**2/2 + 8*o + 12. Give b(4).
4
Let j(t) be the first derivative of t**2/2 + 2*t + 2. Let g = -13 + 9. Determine j(g).
-2
Let p(s) be the first derivative of -s**3/3 + s**2/2 + 5*s + 13. Give p(0).
5
Let t(p) be the first derivative of -7*p**4/4 + 2*p**3/3 + 4*p**2 + 4*p + 1. Let z(x) = -8*x**3 + 3*x**2 + 9*x + 5. Let s(u) = 7*t(u) - 6*z(u). What is s(-4)?
-10
Let m(x) = x**2 - 3*x + 3. Let f = 14 - 3. Let b be (-2 + f + 1)*1. Let q be -1 + b/6*3. Determine m(q).
7
Suppose 4*r = 2*r + 10. Suppose 0*a - r*a + 10 = 0. Let x(g) = 0*g + 4*g - a*g. Give x(-2).
-4
Suppose -2*l - 6 = -4*l. Let x(o) = -o**3 + 2*o**2 + 2*o - 3. Let p be x(l). Let y(h) = h + 7. What is y(p)?
1
Let s = 5 - 3. Let p(u) = -u**3 + 2*u**2 - 3*u + 1. Determine p(s).
-5
Suppose 2*c = 6*c - 84. Suppose 7*i - 4*i + w + 15 = 0, -3*i = -w + c. Let m(u) = u**2 + 0 - 2*u**2 + 5 - 6*u. Calculate m(i).
5
Let o(v) = 19*v + 22. Let z(t) = 20*t + 23. Let q(i) = 3*o(i) - 2*z(i). Let h(b) = -6*b - 7. Let a(k) = -11*h(k) - 4*q(k). Let n = -3 - -1. Give a(n).
1
Let v(t) be the first derivative of -t**3/3 - 3*t**2 - 5*t + 2. Determine v(-4).
3
Let f = -9 - -13. Let p(w) = -w**2 - 10*w - 9. Let k(y) = -2*y**2 - 21*y - 18. Let r(s) = f*k(s) - 9*p(s). Determine r(-6).
9
Let h be (-3 + 2)/((2 + 0)/4). Let t(a) = -3*a**3 - 3*a**2 - 3*a - 3. Calculate t(h).
15
Let u be ((1 + 0)*1)/1. Suppose 16 = 5*y + u. Let f(h) = -3*h + 7*h - y*h + 8. Give f(-4).
4
Let a(z) = z**2 + 4*z + 4. Let r(f) = -5*f**2 + f + 9. Let i(b) = -3*b**2 + b + 6. Let v(x) = 8*i(x) - 5*r(x). Let o(l) = -2*a(l) + 3*v(l). Calculate o(-1).
1
Let w(h) = 4*h + 1. Let c(r) = r**2 - 4*r - 8. Let o = 21 + -15. Let t be c(o). Suppose -5*a = -5*g, 3*g - t*a + 5 = 4*g. Determine w(g).
5
Let y(g) be the third derivative of g**5/120 - g**4/4 + g**3/6 + 2*g**2. Let m(t) be the first derivative of y(t). Calculate m(4).
-2
Let z(y) = -7*y**2 - 11*y - 7. Suppose -5*x - 13 = -3. Let q(m) = 3*m**2 + 6*m + 4. Let a(h) = x*z(h) - 5*q(h). Determine a(-4).
10
Let 